)).
11
Calculate 25 + -14 + (23 - 7) + -17 + 68.
78
What is the value of -13 + 2 - (134 + -167 - (21 + 4))?
47
What is -22 + (-10 - -7 - (-21 - 11 - -141))?
-134
Evaluate -1 + 12 - ((-8 - -48) + -46).
17
What is (40 + -27 - 36) + 4 + -2?
-21
What is the value of 1 + -14 - ((-12 - 87) + 11 + (-18 - -34))?
59
Evaluate 28 - (2 + (3 - (0 - 7))).
16
What is -58 + 0 + (56 - (94 + -29)) - -14?
-53
-28614 + 28660 - (1 - 82)
127
Calculate 75 + (17 - 171) + 186.
107
Calculate (-16 + 16 - (-52 + -12 + -3 + 15)) + -9.
43
What is -65 - -92 - 43 - 27?
-43
Evaluate 16 + 11 + -6 + 405 + -380.
46
Calculate -15 + 7 + 29 + (-149 - -102).
-26
What is the value of -61 + (-85 - -84) + 26?
-36
Calculate (-3 - (9 - (13 + -12)) - 4) + 22.
7
-128 + 112 + 10 + 6 + -3
-3
Calculate -29 + (7 - ((17 - 10) + 15)).
-44
Calculate 44 - (25 - 79) - 44.
54
What is (7 - -11) + (6 + (-14 - -47) - 28)?
29
(-88 - (2 - (4 + -2))) + -2 + -1313 + 1314
-89
What is the value of 13 + -7 + 37 - (265 + -244)?
22
-37 + 144 + -35 - 99
-27
What is (121 - -83) + -120 + (23 - (-4 + 4))?
107
-33 + (8 + -9 + 4 - 5 - -10)
-25
What is (4 - -1 - (22 - (11 - 7))) + -69?
-82
What is 42 + -109 + (-17 - (-2 - 10)) + 4 + 1?
-67
What is 1 + -7 - (9 - 6 - (29 - (13 + 0)))?
7
Calculate 10 + 0 + (-2 - (18 - -3)).
-13
What is the value of 27 + -4 + 22 + (1 - (-4 + 10))?
40
What is (-1037 + 1023 - (-25 + 1)) + -28?
-18
2 + 114 + (12 - 12 - 6) - (31 - 20)
99
What is the value of 44 + 40 + -47 + -7 + 14?
44
(4 - 2) + -2 + (34 - 17) + (32 - 31)
18
Evaluate 14 - (47 + (-5 - 35)).
7
What is 14 - ((-26 - -88) + -28)?
-20
Calculate 11 - (-2 - (-8 + (-3 - -3) + 9)).
14
Calculate 64 - (-2 - -5 - 9 - (27 + -22 - 2)).
73
Calculate -48 - (-74 - (40 + -50)).
16
Evaluate 87 + 317 + -411 + 1 + 91.
85
What is the value of -3 + (7 + 13 - 11) + 1 + -1 - 4?
2
What is the value of 15458 + -15432 - (-1 - 15)?
42
Evaluate 72 - (6 - -85) - -79.
60
What is the value of -83 + (-3 - -4) + -18 - (6 - -20)?
-126
What is the value of -1 + 22 - (19 + 76 + -34)?
-40
(-1668 - -1766) + (1 - -1) + -4
96
Evaluate (16 + -40 - -36 - 10) + -30.
-28
0 - 12 - (2 + -18 + -2) - 3
3
1 + 32 - (-43 - -40 - -24)
12
-4 - ((73 - -19) + 13)
-109
-8 - -49 - (1395 - 1267)
-87
Calculate -61 + -7 + -58 - -97.
-29
(-1788 - -1799) + 0 + (-4 - -2)
9
Evaluate -38 + 62 + 38 - 58.
4
What is the value of -99 + 2 + -1 + -47 + 19 + 9 + 25?
-92
54 - (77 + -2 - (238 - 199))
18
57 + -8 - (-605 - -614)
40
Evaluate 44 + -62 + (16 - -6).
4
What is -52 - -64 - 88 - -118?
42
Evaluate -4 + (1 - 13) + 4 + -28 + 27 + 65.
52
What is the value of 73 + -47 + -50 - (-10 - -3 - -117)?
-134
-1056 + 1089 - (-13 - -1)
45
Calculate 7 - (-18 - (-36 - -10 - -9)) - (-3 - -132).
-121
What is the value of (51 - 15) + -5 - 48 - (-89 - -1)?
71
(3 - 10) + -2 - (59 - 16) - 2
-54
Calculate 4 + -8 + -3 + -9 + 12 + 1.
-3
What is (-13 - -51) + (-5 - (24 - 12))?
21
-4 - (2 - ((0 - -84) + (-2 - -16 - 27)))
65
(-10 - -4) + 85 + -112 + (-5 - -3 - -2)
-33
(-55 - (-52 + -52)) + -16
33
Calculate (131 - ((21 - 43) + (4 - -17))) + -18.
114
Calculate (24 + -35 - 15) + 26.
0
Evaluate 414 + -507 - (0 + 2 - 9 - (1 + 1)).
-84
What is the value of (-1 - (-2 + 10)) + (23 - 7) + 111 + -10?
108
What is the value of 12 - (15 + -17 + -8 + 12) - -1?
11
32 - (-17 + 5 + (6 - (-10 + 17)))
45
Evaluate (327 - 409) + -1 + 56.
-27
Evaluate (7 - (22 - 25)) + (7 - -44) + -1.
60
What is (-147 - 2) + (13018 - 12899)?
-30
What is the value of 83 + -79 - (-1 - 58) - (106 - 100)?
57
What is -124 + 123 + 8 - (1 - -20 - -1)?
-15
(-13 - (-6 - (8 - 2))) + -2 + -79
-82
Calculate 19 - -21 - -10 - 138 - (22 - 0).
-110
-22 + (7 - -8 - 22) + 10
-19
Calculate 178 - 189 - (5 + 3 + -47).
28
What is 14 + (-16 - 1 - -15)?
12
What is 1 + -53 + 67 + 15?
30
What is the value of -5 - -5 - 6 - (389 - 414) - -74?
93
What is 10 + 3 + -14 + 3 + (-20 - (21 + -50))?
11
(9 - -1 - 0) + -3842 + 3766
-66
-13 + (46 - -83 - 83)
33
What is -87 - -88 - (-9 + 29 + (3 - -5))?
-27
What is 179 + -210 + 1 + 16 + -4 + -37?
-55
Calculate 1038 + -586 + -443 - (-1 + 0 + -33).
43
Calculate (2 - 3 - (1199 + -1227)) + (1 - 0).
28
What is -46 + (44 - 13) + -1?
-16
-67 - (18 - 183) - 184
-86
What is 37 + 15 - (556 + -402)?
-102
Evaluate (0 - 6) + (-14 - -6) + 13 + (-121 - -40).
-82
Evaluate 4 - (-2 + -12 - (-12 - -6 - -12)) - -2.
26
1 - -26 - (1389 - 1304)
-58
Calculate 15 + (-42 - (-44 - 106)).
123
What is -79 - ((-24 - 6) + -15 - -15)?
-49
Calculate -27 - (-70 + 31) - (4 - (-5 + -31)).
-28
Evaluate 2 + 1 + (-10 - (0 + -16 + 29 - 28)).
8
What is 12 + (246 - 298 - ((-6 - -2) + (7 - 4)))?
-39
Calculate 18 - (-7 + (11 - (6 + -1)) + 6 + -11).
24
37 + (-19 - (30 - 69)) + (-13 - 0)
44
13 + ((58 - 83) + 10 - (3 - 29))
24
-1 + -22 + (59 - 43 - 45)
-52
Evaluate -19 + (20 + 78 + -19 - 24).
36
What is the value of (7 + (18 - 23) - 9) + 24?
17
Calculate (-3 - 10) + (-3424 - -3428).
-9
What is (32 - 20) + -62 + -15 + 1?
-64
Calculate (-55 - (23 - 98)) + 6.
26
Evaluate 4 + 1 - (0 + -27 + (4 - 41)).
69
What is the value of (18 + -17 - -27) + -48 + 19?
-1
Calculate 0 + -64 - ((47 - 22) + -44 + 7).
-52
What is 74 - (-21 - 11 - -67)?
39
Calculate -66 + (5 - -27) + -104 + 34.
-104
What is the value of 40 + (5 - (-5 - -5 - (-30 - -28)))?
43
Evaluate 1 + -2 + 4 + 16 + (-5 - (-21 + 16)).
19
Evaluate (10 - -1) + (0 + 37 + -13 - (-43 - -7)).
71
Evaluate -2 - (26 + -40) - (42 - 0).
-30
-133 + 154 - (11 - (22 + -8) - 36)
60
Calculate -40 - (39 + -5 - 60).
-14
What is the value of (27 - 0) + -35 + 8?
0
What is (-1 - (12 - -1) - (-1 + (20 - 17))) + -10?
-26
Evaluate 22 + -9 + -16 + -8 + 9.
-2
Evaluate 10 + (2 - 2) - (-22 + (47 - -5)).
-20
Evaluate -8 + (-99 - -42 - -77).
12
Evaluate (279 + -268 - (7 + -1)) + 30.
35
What is 4 - (15 + -8 + 33 + -9 + -20 - -96)?
-103
Calculate (1 + -1 - (0 + 1)) + -783 + (377 - -337).
-70
244 - (101 + -11) - 53
101
Calculate -80 + 1 + 11932 + -11756.
97
What is -97 + 7 + (-15 + 8 + 5 - 2) - -10?
-84
Calculate -55 + 80 - 25 - ((3 - 6) + 20).
-17
Evaluate 837 + -833 + (8 + -5 - 67).
-60
(-23 - -69) + -127 - -47
-34
Evaluate -33 + 3 + 12 + (18 - (-13 - -39)) + -5.
-31
-103 + 38 + (3 - -116)
54
What is the value of 258 - (60 + 42) - 108?
48
What is -4 + 12 - (-5 - (1 + -8 + (20 - 22)))?
4
What is the value of -38 + (-1 - -9) + 2?
-28
Calculate (-16 - (11 + -40 - 16)) + -16.
13
Calculate (-31 - (8 - 28)) + (14 - 4).
-1
Evaluate (-35 - 90 - -113) + 13.
1
(8 + -19 + 5 - 8) + 17 - -41
44
What is -51 + (-281 + 287 - (-1 - (-2 - -4)))?
-42
What is the value of 55 + -28 + -70 - -75?
32
(51 - -2) + (51 - (344 + -243))
3
Evaluate 8 + 10 + -7 + 0 + -7 + -12 + 46.
38
What is the value of 170 + (69 - 271) + 125?
93
What is the value of 4 + (11 - (8 + 3 + -1)) + -26?
-21
(2 - 32) + 82 + (2 - -6 - 22)
38
What is the value of -13 - ((3 - (0 + 55)) + (-50 - -65))?
24
What is 83 + (-5 - 16) + (-6 + 4 - -11) + 1?
72
42 + -1 + -630 + 565 - (-2 - (-2 + -4))
-28
Evaluate 26 - (-14 - (28 - 36)) - (1 + (2 - 2)).
31
What is the value of -64 - (43 + -48 + -37) - -11?
-11
-19 - -2 - -1 - (-13 + (81 - 76))
-8
Evaluate -35 + -9 + 52 - (-62 - -1 - -10).
59
(-11 - (13 + (6 - 20))) + 5 + 18
13
Calculate -118 - ((4 - -20) + -46) - -25.
-71
-43 + 44 + (84 - 70)
15
Evaluate -201 + 184 + (1 - 75) - (0 - (-4 + 4)).
-91
What is -47 + -1 - -2 - -83?
37
What is the value of 87 - (37 + -10 + -4 - 17)?
81
Evaluate 18 + 6 + -14 + -12 + (-6 - -15).
7
Evaluate (9 - (-14 + 10)) + (-9 - -1).
5
What is -19 - (12 + (19 - 71 - 7))?
28
What is the value of 9 + (-19 - 19) + 6 + 12 + 12?
1
Evaluate 90 - 128 - (-19 - -12).
-31
What is -134 + 19 + 1 + 2 - (-22 - -4)?
-94
-104 - (22 - (28 + 39))
-59
Evaluate -2 + 33 + (5 - (-1 + -7 + -100 + 106)).
38
(-4 - 52) + 30 - -12 - -93
79
What is the value of (-63 - -42) + (7 - -1) + (-8 - -9)?
-12
13 - 1 - (3314 - 3383)
81
4 - 53 - (279 - 300)
-28
Calculate -12 - -43 - 34 - 28.
-31
What is 1009 - 1045 - (14 + -7)?
-43
35 + (-187 - (49 + -151))
-50
What is the value of 1 + 16 - (-82 - -77)?
22
Calculate (-14 - 3) + (1844 - 1873).
-46
Calculate (0 - (2 + -3)) + -9 - (198 - (-154 + 326)).
-34
What is 14 - (11 - (-142 + 134 + (0 - -8))) - 26?
-23
What is the value of (0 - (15 - 0) - (15123 + -15124)) + 76?
62
What is the value of 20 - (-15 + 22) - -20 - (-13 + 13 + -10)?
43
What is (-46 - (-38 +